{"id":195,"date":"2011-12-05T15:19:38","date_gmt":"2011-12-05T15:19:38","guid":{"rendered":"http:\/\/www.freunde-guter-musik-berlin.de\/wp\/?page_id=195"},"modified":"2023-03-15T14:48:59","modified_gmt":"2023-03-15T14:48:59","slug":"der-verein","status":"publish","type":"page","link":"https:\/\/www.freunde-guter-musik-berlin.de\/?page_id=195","title":{"rendered":"Der Verein"},"content":{"rendered":"<p><strong>Freunde Guter Musik Berlin e.V.<\/strong><\/p>\n<p style=\"font-weight: 400;\">Freunde Guter Musik Berlin e.V. widmen sich seit ihrer Gr\u00fcndung 1983 der Pr\u00e4sentation und Vermittlung von neuer Musik und Musik in neuen Formen. Zahlreiche internationale, deutsche und Berliner K\u00fcnstlerinnen und K\u00fcnstler wurden eingeladen, ihre Arbeiten an ausgew\u00e4hlten Schaupl\u00e4tzen der Stadt zu pr\u00e4sentieren. Die meisten dieser K\u00fcnstler:innen entziehen sich den \u00fcblichen Kategorien des Musiklebens; sie operieren an den experimentellen R\u00e4ndern der Sparten und im Grenzland von Musik, Bildender und Darstellender Kunst. Composer-Performances, Minimal Music und ihre Ausl\u00e4ufer, avancierte Improvisationen, Musik mit ethnischen und volksmusikalischen Wurzeln, Musik auf neu erfundenen, wiedergefundenen oder mutierten Instrumenten, live-elektronische Musik, aber auch Sound Art oder Klangkunst \u2013 akustische Installationen, Environments, Klangskulpturen, musikalische Medienkunst und Musikwerke Bildender K\u00fcnstlerinnen und K\u00fcnstler \u2013 beschreiben im Umriss das Arbeitsgebiet von Freunde Guter Musik. Mit ihren Aktivit\u00e4ten haben sie eine Pionierrolle in der Berliner Musik- und Kunstszene eingenommen und das Terrain bereitet f\u00fcr viele K\u00fcnstler:innen, die h\u00e4ufig zum ersten Mal in Berlin aufgetreten sind und die in einigen F\u00e4llen von hier aus ihre internationale Karriere gestartet haben.<\/p>\n<p>&nbsp;<\/p>\n<p><strong>Vorstand:<\/strong><br \/>\nIngrid Buschmann, Matthias Osterwold, Vil\u00e9m Wagner<\/p>\n<p>&nbsp;<\/p>\n","protected":false},"excerpt":{"rendered":"<p>Freunde Guter Musik Berlin e.V. Freunde Guter Musik Berlin e.V. widmen sich seit ihrer Gr\u00fcndung 1983 der Pr\u00e4sentation und Vermittlung von neuer Musik und Musik in neuen Formen. Zahlreiche internationale, deutsche und Berliner K\u00fcnstlerinnen und K\u00fcnstler wurden eingeladen, ihre Arbeiten an ausgew\u00e4hlten Schaupl\u00e4tzen der Stadt zu pr\u00e4sentieren. Die meisten dieser K\u00fcnstler:innen entziehen sich den \u00fcblichen Kategorien des Musiklebens; sie operieren an den experimentellen R\u00e4ndern der Sparten und im Grenzland von Musik, Bildender und Darstellender Kunst. Composer-Performances, Minimal Music und ihre Ausl\u00e4ufer, avancierte Improvisationen, Musik mit ethnischen und volksmusikalischen Wurzeln, Musik auf neu erfundenen, wiedergefundenen oder mutierten Instrumenten, live-elektronische Musik, aber auch Sound Art oder Klangkunst \u2013 akustische Installationen, Environments, Klangskulpturen, musikalische Medienkunst und Musikwerke Bildender&#8230;<\/p>\n","protected":false},"author":2,"featured_media":0,"parent":0,"menu_order":0,"comment_status":"closed","ping_status":"closed","template":"","meta":[],"_links":{"self":[{"href":"https:\/\/www.freunde-guter-musik-berlin.de\/index.php?rest_route=\/wp\/v2\/pages\/195"}],"collection":[{"href":"https:\/\/www.freunde-guter-musik-berlin.de\/index.php?rest_route=\/wp\/v2\/pages"}],"about":[{"href":"https:\/\/www.freunde-guter-musik-berlin.de\/index.php?rest_route=\/wp\/v2\/types\/page"}],"author":[{"embeddable":true,"href":"https:\/\/www.freunde-guter-musik-berlin.de\/index.php?rest_route=\/wp\/v2\/users\/2"}],"replies":[{"embeddable":true,"href":"https:\/\/www.freunde-guter-musik-berlin.de\/index.php?rest_route=%2Fwp%2Fv2%2Fcomments&post=195"}],"version-history":[{"count":13,"href":"https:\/\/www.freunde-guter-musik-berlin.de\/index.php?rest_route=\/wp\/v2\/pages\/195\/revisions"}],"predecessor-version":[{"id":4444,"href":"https:\/\/www.freunde-guter-musik-berlin.de\/index.php?rest_route=\/wp\/v2\/pages\/195\/revisions\/4444"}],"wp:attachment":[{"href":"https:\/\/www.freunde-guter-musik-berlin.de\/index.php?rest_route=%2Fwp%2Fv2%2Fmedia&parent=195"}],"curies":[{"name":"wp","href":"https:\/\/api.w.org\/{rel}","templated":true}]}}